). What is the highest common factor of z and x?
7
Let r(d) = 12*d - 4. Let t be r(4). Let w(h) be the first derivative of 5*h**2/2 - h + 2. Let u be w(1). Calculate the greatest common factor of t and u.
4
Suppose 0 = 2*f - 16 + 26, 1105 = 5*s + 4*f. What is the highest common divisor of s and 300?
75
Let w(h) = 3*h + 21. Suppose 7 = 14*q + 63. Let i be w(q). What is the greatest common factor of 153 and i?
9
Suppose 0 = -2*a - 2*p + 18, -2*a - 3*p + 7 = -3*a. Suppose a*i - 286 = -w - 38, -i + 4*w + 58 = 0. Calculate the greatest common factor of 10 and i.
10
Suppose -2*j = 5*p - 32 - 231, -3*p = -2*j + 303. Let t = -818 + 836. Calculate the greatest common factor of j and t.
18
Let l be (-5)/(-20) - (-19)/4. Suppose -4*m + 229 = l*p, -3*m = -m + 4*p - 122. Let w = m + -18. Calculate the highest common factor of w and 22.
11
Let a = -313 + 323. Calculate the highest common factor of 110 and a.
10
Let y be -1*-6*5/2. Suppose -4*z + y = z. Suppose z*k = 3*w + 360, -2*k + 2*w = k - 360. Calculate the highest common factor of k and 24.
24
Let i(v) = 3*v**3 - 5 + v + 3*v**2 + v - 7*v**2 - 2*v**3. Let p be i(5). Suppose -13*k = -7*k - 1620. Calculate the highest common divisor of k and p.
30
Let p = 339 - 319. Calculate the greatest common factor of 28 and p.
4
Let r = 109 - 73. Let j(q) = q**3 - 4*q**2 + 7*q - 4. Let n be j(3). Suppose -69 = -n*m + 3. Calculate the highest common factor of r and m.
9
Suppose -2*p + 5 = 1. Let w be (0 - -4)/p*5. Let m be (-4)/w + 182/5. Calculate the highest common divisor of 4 and m.
4
Suppose 476 = 4*x + n, 23*x + 472 = 27*x + 2*n. What is the greatest common factor of x and 45?
15
Let b(g) = -g**2 - 88*g - 1259. Let h be b(-70). Suppose s = -s + 22. Calculate the greatest common factor of h and s.
1
Suppose p - 3*p = -10. Suppose -p*n - 95 = 2*b - 7*b, -2*b - 4*n = -68. Suppose l + 18 = 4*l. Calculate the highest common factor of l and b.
6
Let a(h) = h**2 + 110*h - 334. Let x be a(3). Let l(d) = -8*d + 4 + 0 + 1. Let u be l(-5). Calculate the highest common factor of x and u.
5
Suppose -15*q = 2*b - 10*q - 788, -2*b - 2*q + 794 = 0. What is the highest common divisor of 57 and b?
57
Let x(l) = 1 - 2*l - 12*l**2 + 7*l**2 + 18*l**3 + 5*l**2. Let j be x(1). Suppose f = -5 + j. What is the highest common divisor of 60 and f?
12
Suppose 7*d - 2*d - 50 = 0. Let w(m) = -m**3 + m**2 + 14*m - 14. Let b be w(3). Calculate the highest common divisor of d and b.
10
Let o = 24 - 11. Let y = -9 + o. Let u be 240/50 - y/5. Calculate the highest common factor of u and 44.
4
Let a = 29 + -26. Suppose 0 = -2*d - 10, 4*o + a*d = -1 - 10. Let b(m) = 8*m + 2. Let h be b(o). Calculate the greatest common factor of h and 10.
10
Let l(g) = -g**2 - g + 8. Let t be (-2 + 2)/(4/(-4)). Let o be l(t). Let x be (-3)/(-9) - (-15)/9. Calculate the greatest common factor of o and x.
2
Let l = 276 + -275. Calculate the greatest common divisor of 56 and l.
1
Suppose 5*i - 2*t = 20, 4*i + t + 1 = 6*t. Let g(a) = 4*a - 8. Let u be g(i). Let w = u + -4. Calculate the highest common divisor of w and 48.
12
Let a = 32 - 17. Let l = a - 13. Suppose 22 = -v - 2*o + 84, -4*o = -l*v + 132. Calculate the highest common divisor of v and 8.
8
Let w(a) = 44*a. Let x be w(10). Let d(h) = -4*h - 4. Let g be d(-11). Calculate the greatest common divisor of x and g.
40
Suppose -w = -5*m, 3*w - 4*w = m. Suppose -r - 4*c + 336 = 2*r, -c = w. Let u = 24 - 10. Calculate the highest common divisor of u and r.
14
Let b = 64 - -1394. Calculate the highest common divisor of 54 and b.
54
Let c = -78 + 84. What is the greatest common divisor of 42 and c?
6
Let m be ((-231)/(-28))/((-9)/(-636)). Calculate the greatest common factor of 11 and m.
11
Suppose 23*a = 19*a + 32. Calculate the highest common factor of a and 104.
8
Let o be ((-33)/4)/((-3)/(-36)). Let q = 157 + o. Suppose 2*i = -2*f + q, -2*f + 16 = i - 17. What is the greatest common divisor of 200 and i?
25
Let u = -348 - -368. What is the highest common factor of u and 460?
20
Suppose 0 = -33*r + 14*r + 2850. What is the greatest common factor of 870 and r?
30
Let r be ((-24)/(-30) - -4)/(3/15). Calculate the greatest common factor of r and 12.
12
Suppose 9*f - 5*f - 249 = -5*m, 0 = 3*f - 3*m - 207. Calculate the highest common divisor of f and 132.
66
Let u be -4*(-1)/((-4)/(-110)). Let t = 17 - 27. Let j(x) = x**3 + 9*x**2 - 11*x. Let o be j(t). What is the highest common factor of o and u?
10
Let q(l) = -l + 5. Suppose 3*r - 5 - 7 = 0. Let i be q(r). What is the greatest common factor of 7 and i?
1
Let l(n) = 2*n**2 - 7*n - 2. Let c be l(6). Let m = -259 - -415. Let g = 296 - m. Calculate the highest common divisor of g and c.
28
Let k = -1045 + 1504. What is the highest common divisor of 51 and k?
51
Let k(a) = a**3 + 11*a**2 + 9*a - 7. Let u(q) = -q**3 - 4*q**2 - 1. Let x be u(-3). Let l be k(x). What is the greatest common factor of l and 9?
3
Suppose 6*h - 10*h - 5*g = -52, h - 38 = 5*g. Calculate the highest common factor of h and 18.
18
Let b(s) = 2*s**3 + 55*s**2 + 29*s + 72. Let x be b(-27). Calculate the greatest common factor of 585 and x.
9
Suppose 0 = -3*l + 5*g + 288, -2*l + 3*g + 288 = 96. What is the highest common factor of 4 and l?
4
Let q be (50 + 40)/(2/36). What is the highest common divisor of 60 and q?
60
Let b = 30 - 13. Let m = b - 2. What is the greatest common divisor of 6 and m?
3
Let p be ((-10)/5 + -4)*1. Let m be p*((-60)/5)/2. What is the greatest common divisor of 36 and m?
36
Suppose -4*f + 3*c = 4, -4*f - 2 + 6 = -c. Let z = -4 - -12. Suppose 4*b - z = f*b. What is the highest common factor of 16 and b?
4
Let z(w) = -w + 3. Let a be z(-1). Suppose 2*q - 3*t = q - 2, -9 = -a*q - 5*t. What is the highest common divisor of 11 and q?
1
Let s = -4 - -60. Suppose 0 = 3*m + 4*v - 12, -20 = -2*m - 3*m + v. Suppose 31 = m*o - 25. What is the highest common divisor of s and o?
14
Let u = 498 + -486. Suppose -96 = 4*v - 5*v. Calculate the highest common factor of v and u.
12
Suppose -4*i - 9*j + 125 = -10*j, 2*i - 2*j = 70. What is the greatest common divisor of 930 and i?
30
Let q = 79 + 82. What is the highest common divisor of 92 and q?
23
Let s(t) = 5*t + 27. Let v be s(-8). Let d be (2 - v)*(-35)/(-7). Calculate the highest common factor of 15 and d.
15
Let p(y) = -y**3 - 2*y**2 + 7. Let b be p(0). Suppose 7*l - 33 = -5. Let j be l/(-2 + 16/b). Calculate the highest common divisor of j and 28.
14
Let b(n) = -7*n + 210. Let h be b(22). What is the highest common divisor of 1624 and h?
56
Let o = -621 + 426. Let m be 0 + -3 + 6 + o/(-5). What is the greatest common factor of m and 105?
21
Suppose -1746 = -5*o - 661. Suppose 6*f - 93 = 3*f. What is the highest common factor of o and f?
31
Let h(u) = -9*u**2 + 2*u - 3. Let z(r) = -r**2 + r. Let g(o) = -h(o) + 6*z(o). Let t = -1 + -1. Let b be g(t). What is the highest common factor of b and 56?
7
Suppose -10*w + 2548 = -3*w. What is the greatest common factor of w and 28?
28
Let k(m) = m**2 - 7*m + 2. Let c be k(8). Let v(f) = 23*f - 28. Let a be v(6). What is the greatest common divisor of c and a?
10
Let v be 331/9 - 3/27*-2. Let m = -33 + v. Calculate the greatest common factor of m and 12.
4
Let i be (-1 - 6/4)*(-280)/175. Suppose 20 = 5*o - o, -4*o = 5*z - 240. What is the greatest common factor of z and i?
4
Let x(p) = -p**3 - p**2 - 9*p - 27. Let u be x(-7). What is the highest common factor of 220 and u?
110
Suppose -5*h + 31 = -2*p, 9*p - 7*p + 16 = 2*h. Suppose -h*b + 4*b = -6. Calculate the greatest common divisor of 18 and b.
6
Suppose 0 = 9*j + 50 - 626. Calculate the greatest common divisor of 80 and j.
16
Suppose 3*u = -4*y + 3637 - 347, 3286 = 3*u + 5*y. What is the highest common factor of 38 and u?
38
Suppose -5*g = 10*g - 120. Suppose 3*x + x = 5*u + 278, 3*u = -5*x + 366. Calculate the highest common factor of x and g.
8
Suppose 160 = 2*c + 8*c. What is the greatest common factor of c and 16?
16
Let r = 448 - 444. Calculate the highest common divisor of 46 and r.
2
Let m be (-1 - (-3 + -2))*287/164. Calculate the greatest common factor of 49 and m.
7
Suppose 4*u - i - 2037 = -4*i, -i - 504 = -u. Calculate the highest common divisor of u and 39.
39
Let h(r) = 2*r**3 - 18*r**2 + 44*r + 3. Let y be h(3). Calculat